- 3. Let x be t(3). What is the units digit of x/(-16) + (-2)/f?
4
Let l(s) = s**3 - 3*s**2 + 2*s + 3. What is the units digit of l(3)?
9
Let x(s) be the second derivative of s**5/20 - s**4/2 + s**3/3 + s**2/2 - 3*s. What is the tens digit of x(6)?
1
Let b be -6*4/(-6)*21. Suppose -4*y + b = -y. What is the units digit of y?
8
Let r(b) = b**2 - 3*b - 1. What is the units digit of r(-4)?
7
Let n be (-1 + -3)*9/6. Let y be 4/n - 600/18. Let l = -22 - y. What is the units digit of l?
2
Suppose -w = -4 - 0. Suppose 0 = 4*j - 8 + w. Let p(n) = 8*n**2 - n + 1. What is the units digit of p(j)?
8
Suppose 19*s = 16*s + 6. What is the units digit of s?
2
Let m(o) = o**2 - o - 4. Let l be m(3). Suppose 56 = 4*c + 5*x, -4*c + l*x + 28 = -0*x. What is the units digit of c?
9
Suppose 0 = -5*u + 5, -4*x + 3*u - 3 + 160 = 0. What is the tens digit of x?
4
Let a be 3 - (-88)/(4 + 0). Suppose -2*s - a = -3*s. What is the units digit of s?
5
Suppose -2*o + o = 3*u + 6, 3 = -3*o - 4*u. Suppose -14 = y - o*y. What is the units digit of y?
7
Suppose 0 = -5*x - z + 207, 0*x - 93 = -2*x + 3*z. Suppose -4*c + 122 - x = 0. What is the units digit of c?
0
Let j(d) = d**3 - 2*d**2 + 3*d - 4. What is the tens digit of j(4)?
4
Let r be 3/(-9) - 10/(-3). Let j be (r + -4)*51/(-3). Let y = j - 6. What is the units digit of y?
1
Suppose 5*u - 30 = 5*a, -u + 3 = -2*a - 10. Let z(p) = p + 12. Let y be z(a). Suppose 5*k + 7*s = 4*s + 66, -y*s + 46 = 3*k. What is the units digit of k?
2
Suppose 19*k - 18*k - 130 = 0. What is the units digit of k?
0
Suppose -12 = -5*m - 4*k, -4*m - k + 6*k = 15. Suppose m = -4*u + 52 + 32. What is the units digit of u?
1
Let n(x) = x**3 + 3*x**2 + 3*x + 4. What is the units digit of n(-2)?
2
Suppose -4*y + 10 = y. Suppose 3*k - 5*k - y = 0, 4*z = 2*k + 42. What is the tens digit of z?
1
Let x be (14/(-4) + 2)*-6. Suppose -2*n = -2*q - 3*n + x, -3*n = -2*q + 5. What is the units digit of (-2)/(((-8)/9)/q)?
9
Let v(g) = -g**3 - 6*g**2 - 4*g + 5. What is the tens digit of v(-6)?
2
Suppose -3*u = -9 - 42. What is the tens digit of u?
1
Let y(v) = -3*v**2 + v + 1. Let k(x) = 7*x**2 - 2*x - 2. Let o(g) = -2*k(g) - 5*y(g). What is the units digit of o(-2)?
5
Let f be 16*-2*4/(-4). Let u be f/(-14) + (-4)/(-14). Let l(x) = 2*x**2 + 3*x. What is the units digit of l(u)?
2
Let v be (-3 + 0)/(3/12). Let m = 5 + -9. What is the units digit of ((-4)/m)/((-2)/v)?
6
Suppose 4*i = -2*v - 8, -2*i - 3*v + 0*v = 0. Let d = 5 + 1. Let n = d + i. What is the units digit of n?
3
Let c = -2 - -4. Suppose -f = 2*b + 1, 7 = -3*b - 3*f - c. Suppose i = -r + 19, 0 = -3*r - 7*i + b*i + 67. What is the units digit of r?
4
Let b(q) = q**2 + 8*q + 3. Let w be b(-6). What is the units digit of 10 - -2*w/6?
7
Suppose 0 = -0*l + 2*l - 48. Suppose -3*p = -l + 9. Suppose -30 = -p*f + 5. What is the units digit of f?
7
Let n be (-48)/3*1/(-2). Let z be n/(-36) - (-254)/9. Let i = 41 - z. What is the tens digit of i?
1
Let l be 85/10 - (-1)/2. Let y be 1/((-3)/l) + 1. Let z = y - -7. What is the units digit of z?
5
Let q(f) = f**3 + 5*f**2 - f - 2. Let s be q(-5). Suppose -5*i + 5 = 5*a, -s*a + 0*a = 5*i + 5. What is the units digit of ((-10)/i)/(7/14)?
5
Suppose -4*u = -5*u + 4. Let f = u + -1. Suppose 0 = -2*x - f + 15. What is the units digit of x?
6
Suppose -2*r + 210 = -r. What is the tens digit of r?
1
What is the tens digit of -6*(-114)/(-8)*10/(-15)?
5
Let j(o) = o**2 + 8*o - 7. Let p be j(-9). What is the units digit of p/6 + (-159)/(-9)?
8
Suppose 0 = 5*r + 102 - 1152. What is the units digit of r?
0
Let t = 33 - 11. What is the units digit of t?
2
Suppose -j = -17 - 7. What is the units digit of j?
4
Suppose 8 = 3*b - 10. Suppose 2*c = -2*h - 0 + b, h = -2*c + 4. What is the units digit of c?
1
Let t(g) = g**3 - 2*g**2 + 2. Let x be 2/1 + 0 + 0. Let a be t(x). Let w = 1 + a. What is the units digit of w?
3
Let w be -1*(-7 + 1 + 2). Suppose -3*v - 5*o + 4*o = -24, -19 = -v - w*o. What is the units digit of v?
7
Suppose -4*s = -m - 5, -2*m + 0*s + 3*s - 5 = 0. Let t be m + (2 - (1 - 22)). Let b = t - 11. What is the tens digit of b?
1
Suppose 332 = 5*b + 32. Suppose 2*r + 16 = -68. Let p = b + r. What is the tens digit of p?
1
Let o(s) = -s**2 + 2*s + 7. Let g be 2*(18/(-4) - -2). Let f be o(g). What is the units digit of (2/2)/((-4)/f)?
7
What is the tens digit of 5 - 1 - 3 - -67?
6
Let g be (1 + 2)/((-15)/(-10)). Suppose -k + 0 + g = 0. Suppose k*y + y = 45. What is the tens digit of y?
1
Suppose 0*b + 6 = 2*b. Let u(a) = a**3 - 3*a**2 + 2*a - 4. What is the units digit of u(b)?
2
Let u = 21 - 13. Let j = 1 + u. What is the units digit of j?
9
Suppose 5*i - 5 = 0, 0 = -3*c - 2*i + 27 + 8. Suppose -5*y + c = -59. What is the units digit of y?
4
Let n(m) = m**2 - 3*m + 6. What is the units digit of n(10)?
6
Let w be (-8)/10*5/(-2). Suppose -4*q - 2*j + 82 = 0, -5*q - 3*j = -w*j - 95. What is the tens digit of q?
1
Suppose -4*m + 6 = 2*l, 5*l + m - 6*m - 30 = 0. Suppose 3*j - 49 = -l*u, -3*j + 3*u = -u - 4. What is the units digit of j?
8
Let d(j) = -j**3 - 3*j**2 - 3*j + 2. What is the tens digit of d(-3)?
1
Suppose 5*u + 19 = -6. Let q be 6/10 + 108/u. Let c = q + 31. What is the units digit of c?
0
What is the tens digit of -2*5/((-5)/(-11))*-9?
9
Let f = 38 - 6. What is the tens digit of f?
3
Let k(s) = s**3 - 10*s**2 + 9*s + 4. What is the units digit of k(9)?
4
Let n(u) = -u**3 - 6*u**2 + 3*u - 10. Suppose -s = -35 - 0. Suppose 0 = 4*d + d + s. What is the units digit of n(d)?
8
Suppose -a + j + j = 4, -3*a + 8 = -j. Suppose -a*q - 38 = -3*d, -d - 4*q = -4 + 2. Suppose 4*i - 48 = -2*u + 4*u, -d = i + 5*u. What is the units digit of i?
0
Suppose -t - 3*t = 12. Let g = t - -9. What is the units digit of 8/g*-3*-1?
4
Let w = -3 + -6. What is the units digit of (-366)/w + (-1)/(-3)?
1
Let q(w) = w**2 + 3*w + 25. What is the units digit of q(-16)?
3
Let o be ((-345)/(-6))/5*2. Let p = o - -13. What is the units digit of p?
6
Suppose 3*b + i + 6 - 111 = 0, -4*i = 0. Let r(m) = m**2 + 21*m - 43. Let w be r(-22). Let g = b + w. What is the tens digit of g?
1
Let r be 7/(0 - 1/(-3)). Let q = 25 + r. What is the tens digit of q?
4
What is the tens digit of 19*4 - -3 - (4 + -2)?
7
Let c(j) = -j**3 + 6*j**2 + 6*j + 9. Let z be c(7). Suppose z*s = -2*n + 4*s + 22, -5*n + 35 = 5*s. What is the units digit of n?
9
Let s be 0/((6 - 2) + -3). Let z be (-4 - -7)*(s - -1). What is the units digit of 5/15 + 17/z?
6
Let d = -15 - 6. Let a = d - -34. What is the tens digit of a?
1
Suppose 2*n - 4*n = 0. Suppose 2*v + 3*b - 3 = n, 3*v + 8 + 7 = 2*b. What is the tens digit of (-105)/(-6) + v/6?
1
Let z(n) = -n - 1. Let i be z(-7). Let s(h) = -h**2 + 6*h + 1. What is the units digit of s(i)?
1
Let i(a) = 2*a**3 - 4*a**2 + 2*a. Let q be i(2). Suppose 5*y - 162 = -q*o + o, 3*y - o = 86. What is the tens digit of y?
3
Let t be 8/2 - 2 - 0. Let j(f) = f**3 - f**2 - f - 1. What is the units digit of j(t)?
1
Let u = 165 + -99. What is the units digit of u?
6
Let y(o) be the first derivative of o**3/3 + 2*o**2 - 5. What is the units digit of y(-7)?
1
What is the tens digit of 0 - 1 - 1100/(-11)?
9
Suppose -3*c = 2*n + 21, -4*c - 1 = 3. Let q(l) = -5*l**2 + 9*l - 11. Let j(r) = -r**2. Let d(w) = 6*j(w) - q(w). What is the units digit of d(n)?
1
What is the tens digit of 18/(-27) - (-42)/9 - -174?
7
What is the hundreds digit of (-8928)/(-84) - (-3)/(42/(-4))?
1
Suppose 9*c - 21*c = -480. What is the tens digit of c?
4
Let i be (11 - (5 - 3)) + 0. Suppose 5*r + i = -g, 3*g + 3*r + 63 = 6*g. What is the tens digit of g?
1
Suppose 0 = v - 4*v + 60. Suppose 5*u - v = -3*w + w, -5*u = -5*w - 20. Suppose o - 7 = -w*o. What is the units digit of o?
7
Let r be 1 + -1 - (3 + -2 + -11). Let z be 0 - (2/2 + -8). Let i = r - z. What is the units digit of i?
3
Let f = -18 - -30. Let w = f + 10. What is the tens digit of w?
2
Let r be (-6)/21 + 16/7. Suppose 5*f + 4*a = 8, a + 15 = f + r*f. Suppose 5*q = -f*n + 56, 5*q + 56 = 4*n + 4*q. What is the tens digit of n?
1
Suppose -5*a + 44 = -3*a. What is the tens digit of a?
2
Suppose 0 = -5*g + 52 + 3. What is the tens digit of g?
1
Suppose -1 = m - 4*q, 2*q = 2*m - 2*q - 6. What is the units digit of m?
7
Let w(h) = -h**3 + 15*h**2 - 13*h - 8. Let f be w(14). What